 ((-60)/(-25))/(1/5). Suppose -a = -w + 1. Calculate the greatest common divisor of p and w.
13
Suppose 4*t - 5*y - 5115 = 0, 169 + 2390 = 2*t - y. Calculate the highest common divisor of t and 40.
40
Let p be -5*1 - (-94 + 6). Let a = p - 68. Let g = -107 + 182. What is the highest common factor of a and g?
15
Let s = -6 - -8. Let h(w) = -2*w**2 - 5*w + 16. Let p be h(-4). Suppose 78 - 86 = -p*i. Calculate the highest common divisor of i and s.
2
Let l = 27 - 19. Let v(u) = -u**3 + 8*u**2 + u - 5. Let p be v(l). Suppose -p*r - 385 = -8*r. Calculate the greatest common divisor of r and 11.
11
Let j(n) be the second derivative of 5*n**4/4 + n**3/6 + n**2 + n. Let q be j(-1). Suppose -4*i + 3*i = -144. What is the highest common divisor of q and i?
16
Suppose -4*n - 5*w = 10 - 52, n - 2*w - 4 = 0. What is the greatest common factor of 40 and n?
8
Let y(i) be the second derivative of 9*i**2 + 1/6*i**3 + 4*i + 0 - 1/12*i**4. Let m be y(0). Calculate the greatest common factor of 12 and m.
6
Let c be (-62)/(-3)*(-27)/6. Let j = 100 + c. Calculate the highest common divisor of j and 35.
7
Suppose t - 1751 = -6*m + 3*m, 8 = 4*m. What is the highest common divisor of t and 5?
5
Let i = -11 - 1. Let a be i/18 + 2/(-6). Let b(g) = -8*g**3 + g**2 - g - 1. Let v be b(a). What is the highest common divisor of v and 9?
9
Let a = -53 - -24. Let q = a + -3. Let f be (9/2)/((-12)/q). What is the greatest common divisor of f and 8?
4
Let v(a) = -a**3 - 20*a**2 - 39*a - 1. Let d be v(-22). Calculate the highest common divisor of 25 and d.
25
Suppose 0 = -z + 25 + 3. What is the greatest common factor of z and 182?
14
Suppose 0*u = -u + 2, 5*g - 5*u = 70. Let a = g - -29. Calculate the greatest common factor of 18 and a.
9
Let b be 156/26*(-437)/(-6). Calculate the highest common factor of 95 and b.
19
Let c be ((-168)/(-9))/(18/27). What is the greatest common factor of 21 and c?
7
Suppose 33*x + 0*x = 2541. Calculate the highest common factor of 21 and x.
7
Suppose 3*a - 112 = 5*o, 4*a - o = 3*o + 136. What is the greatest common divisor of a and 377?
29
Let w = -2 + 29. Suppose -q = 5*q - 192. Suppose -q - 13 = -5*z. Calculate the greatest common factor of w and z.
9
Let d be 810/207 + 6/69. Let m(c) = -c**3 - 7*c**2 - 6*c + 2. Let x be m(-6). Calculate the greatest common divisor of d and x.
2
Let a(v) = -v**3 - 3*v**2 - 3*v. Let d be a(-2). Suppose -2*r - i = 2*i - 1, -10 = -4*r + d*i. Calculate the greatest common factor of 16 and r.
2
Suppose 33*u = 10*u + 46. Let s be (14/6)/((-1)/(-6)). Calculate the greatest common factor of s and u.
2
Let o = -147 - -143. Let x be (-2)/o*(34 + 2). Let y be 9*-1*5*-1. What is the highest common factor of x and y?
9
Let l = 17 - -100. Let k be (-1 - 8)*(1 + -2) + 4. What is the highest common factor of l and k?
13
Suppose 0 = 4*b + 3*v + 2431, 3*b + 2*v + 1827 = v. Let r be b/(-40) - (-2)/(-8). What is the greatest common factor of r and 75?
15
Let b = 418 - 873. Let u = -285 - b. Suppose i - 2*i + 4*v = -76, 5*i - 342 = v. Calculate the greatest common divisor of u and i.
34
Let j be -4 + -2 + (5 - -5). What is the highest common divisor of 20 and j?
4
Let k = 15 - 10. Let u be 28/(6/15*k). Suppose -3*b + 20 = -85. What is the highest common divisor of u and b?
7
Let v be (-9)/4*(267/(-9) + 3). Suppose 3*n - 2*n - 150 = 0. Calculate the highest common divisor of n and v.
30
Let j be ((-9682)/515)/((-2)/10). What is the greatest common factor of 282 and j?
94
Let f(v) = 7*v**2 + 2*v - 2. Let p be f(1). Suppose 5*l + 28 = p*l. Suppose 2*u - 28 = -2*u. Calculate the highest common divisor of l and u.
7
Suppose 4*y - 22 + 10 = 0. Suppose -4*d + 0*d + y*w = -77, -4*d + 4*w = -72. Let m = 57 - -35. What is the greatest common factor of m and d?
23
Let i(h) = -21*h + 2. Let l be i(-2). Let f be (l/(-6))/(5/(-15)). Suppose 8 = 5*u - f. What is the greatest common divisor of u and 3?
3
Let k = -585 - -601. What is the highest common divisor of 560 and k?
16
Suppose 18 + 6 = 4*g. Suppose -153 = g*z + 87. Let l be z/30*(-54)/4. What is the highest common factor of l and 12?
6
Let l(o) = -o**3 + 7*o**2 - 6*o + 4. Let k be l(6). Suppose -2*b = 2*c - 7*b + 23, 1 = -k*c + b. Let v = 10 - c. What is the greatest common factor of v and 3?
3
Suppose 8*b + b - 1566 = -9*b. Suppose -69 + 185 = 4*c. Calculate the greatest common factor of c and b.
29
Let d(t) = 18*t**2 - 6*t + 2. Let v be d(4). Let c = 464 - v. Let w be 21 + 0 - (-6 - -5). Calculate the greatest common factor of w and c.
22
Let h(l) = -5*l - 12. Let w be h(-7). Let q = 26 - w. Suppose -2*k + 38 = v, k - 36 = -v - q*k. What is the greatest common divisor of 60 and v?
20
Let y = -256 + 457. Suppose 9*s - 564 = y. What is the highest common factor of s and 5?
5
Let i(x) = -3*x - 3. Let p be (-8)/(-14) - 217/(-49). Let u = p - 8. Let o be i(u). Calculate the greatest common divisor of o and 4.
2
Suppose 3*s + p - 291 = 0, 2*p - 7 + 1 = 0. Calculate the highest common divisor of 120 and s.
24
Let u(a) = 38*a - 357. Let d be u(10). What is the greatest common factor of 2369 and d?
23
Let y = 1326 + -742. What is the greatest common factor of y and 2?
2
Let n be 1 - ((-14)/1 + -1). What is the highest common divisor of n and 12?
4
Let b(n) = -n**2 - 3*n + 7. Let g be b(-4). Suppose -4*h - g*h = -315. What is the greatest common factor of h and 15?
15
Let b(l) = -l**3 - 8*l**2 - 4*l - 15. Let a be b(-6). Let q be 4/(-18) - 833/a. Calculate the highest common factor of 26 and q.
13
Let w be 3/(-6) + 63/(-6). Let k(j) = j**2 + 9*j + 14. Let y be k(w). Suppose 5*z = y + 4. What is the highest common factor of 56 and z?
8
Let d be 150/12*(-2)/(-5). Suppose d*l - 141 = h, -6*l - 5*h + 135 = -l. Let t = 393 + -281. Calculate the highest common factor of t and l.
28
Let x(l) = l**2 - 20*l + 103. Let i be x(7). Calculate the highest common divisor of i and 60.
12
Suppose 2*s + q = 5*s - 825, 0 = -4*s + 4*q + 1092. Let u(o) = o**2 + 4*o + 7. Let b be u(-5). Calculate the greatest common divisor of b and s.
12
Let v = -108 + 118. Suppose -v*q + 1394 = -476. What is the highest common factor of q and 11?
11
Let f be 11/((-715)/(-28236)) + 4/(-10). What is the greatest common divisor of f and 186?
62
Suppose 7*v - 10 = 5*v, 0 = -2*g + v + 73. What is the greatest common divisor of g and 3?
3
Let o be 54 + (3 + -3)/4. Let z = -25 - -133. Calculate the greatest common divisor of o and z.
54
Suppose 4*j = -u + 2*j + 42, -4*j - 76 = -3*u. Let r be 3 + -1 + 11 + 1. Suppose -z + r = -66. Calculate the greatest common divisor of u and z.
16
Let v be (-2)/(-4)*(16 - 20). Let z be 19*(v + -1 + 4). Suppose -4*f + d + z = 0, f - 6*f = 2*d - 27. Calculate the highest common factor of f and 30.
5
Let d be (1 + (4 - 6))*(0 - 0). Let x = 5 - d. Calculate the greatest common divisor of 25 and x.
5
Let h be (12/16)/(4/2112). Suppose -5*j - h = -1196. Suppose 2*p - 23 = 17. Calculate the greatest common factor of j and p.
20
Let i = -8 + 19. Let l(w) = w**3 - 12*w**2 + 11*w + 3. Let j be l(i). Suppose j*b - 14 - 19 = 0. Calculate the greatest common factor of b and 44.
11
Let f(j) = 6*j**2 + 2*j + 1. Let k be f(-1). Suppose -k*h + 128 + 2 = 0. Let o = -531 - -635. Calculate the greatest common divisor of o and h.
26
Let n(l) = 7*l**3 + 3*l**2 + 29*l - 64. Let z be n(2). Calculate the greatest common divisor of 155 and z.
31
Let c = 266 - 90. What is the greatest common factor of 132 and c?
44
Suppose b - 37 = 4*p, 4*b + 7*p - 48 = 3*p. Suppose b = 3*v - 28. Suppose -2*s - c + 33 = 4*c, v = 5*c. What is the highest common factor of s and 18?
9
Suppose 24 - 220 = 4*l - 4*i, 0 = -4*l - 5*i - 223. Let p = l - -80. Suppose 3*d - p - 110 = 0. What is the highest common divisor of d and 115?
23
Let t be (2116/(-16))/((-32)/128). Calculate the greatest common divisor of 46 and t.
23
Suppose 1 = 3*r + 4, 5*j + 2*r = 8. Suppose -j*a = 3*a. Suppose a = -v + 4*v - 4*b + 5, -2*v = 2*b - 20. Calculate the greatest common factor of 1 and v.
1
Let u = -4246 - -4294. Let a(m) = m**2 + m - 1. Let r be a(8). Let y = -39 + r. What is the greatest common divisor of y and u?
16
Suppose 5*g - 3*t = -3, 3*g + 3*t = 4*t - 1. Suppose g = 18*p - 12*p - 24. Calculate the highest common divisor of 8 and p.
4
Let a = 15 - 14. Suppose -